- 2*k. Let v be w(3). Calculate the highest common factor of m and v.
12
Let r(n) = n**2 + 3*n - 14. Let o be 3/(0 - -3) + 5. Let c be r(o). What is the highest common factor of 280 and c?
40
Let c be 3/9*(19 + 2). Let q(b) = b**2 + 11*b - 14. Let g be q(c). Calculate the greatest common factor of 16 and g.
16
Let h be 21/(((-228)/128)/(-19)). Calculate the highest common divisor of h and 21.
7
Let p = -98 + 138. Let g = p - 22. Calculate the greatest common divisor of 144 and g.
18
Let z = -17 + 11. Let a(j) = -j**2 - 6*j + 10. Let v be a(z). Calculate the greatest common factor of v and 15.
5
Suppose 6 = g - 7. Let y(j) = -92*j + 1. Let q be y(-3). Suppose 3*o = 2*v + q, -135 = -2*o - 2*v + 43. What is the greatest common divisor of g and o?
13
Suppose 4*b - 8*b - 22 = -102. Let a(p) = 221*p**2 - 1. Let c be a(-1). Calculate the greatest common divisor of c and b.
20
Let b(v) = -v**3 + 11*v**2 - 22*v + 22. Let a be b(9). Suppose -3*g - 2*g = -5. Let o = g - a. What is the greatest common factor of o and 15?
15
Let q(u) = 4*u - 4*u + 3*u - 9 + 0*u. Let g be q(6). Let w = g - 0. What is the greatest common divisor of 1 and w?
1
Let w be -2 - (-5 + 0) - 14. Let o be (-7)/28 - 117/(-4). Let v = o - w. Calculate the highest common divisor of v and 10.
10
Let f = -37 - -22. Let d = 27 + f. Let j be 32/d*156/8. Calculate the highest common factor of j and 26.
26
Let z = -46 - -49. Let r = 6 - 3. What is the greatest common divisor of z and r?
3
Let k be (75 + -55)*(-52)/(-10). Let w be (13/(-2))/(13/(-26)). What is the greatest common divisor of w and k?
13
Let c = 23 - 20. Suppose 0 = 4*w + r - 57, -18 = -w + c*r - 7. Let u = w - 4. Calculate the greatest common divisor of 90 and u.
10
Let o(v) = v**3 - 5*v**2 - 12*v. Let y be o(8). Let l(p) = -p**2 + 18*p + 43. Let m be l(19). Calculate the greatest common divisor of m and y.
24
Suppose l - 14 = -l - 4*a, 4*l + a = 49. Suppose 3*v - 3*d - 92 = -8, -2*v = 3*d - 46. Calculate the greatest common factor of l and v.
13
Let g be (-3 + 1)/(-6)*41*3. What is the highest common divisor of g and 369?
41
Let f = -4130 + 4265. Suppose 0 = -3*a + 2*a + 15. What is the highest common factor of a and f?
15
Suppose 5 = 5*y - 5*a, 3*y + 4*a = -0*a + 10. Suppose j = -4*z - 44, -7 = -j + 2*z - 33. Let w = -18 - j. Calculate the greatest common factor of y and w.
2
Let m be 2/5 - (-72)/20. Suppose 2*z = 3*z + 5, 0 = m*o - z - 113. Suppose -2*g = g - o. What is the greatest common divisor of 27 and g?
9
Suppose -3*y = -4*q - 102, 2*y = -q + 6 + 51. Suppose 0 = -4*i - i + 300. Suppose -5*b + i = -0*b. What is the greatest common divisor of y and b?
6
Let t = 43 + -13. Calculate the highest common divisor of t and 200.
10
Suppose 3*g - 2*j - 298 = 0, -5*j - 29 = -g + 66. Let q = g - 62. Let o = -5 - -62. What is the greatest common divisor of q and o?
19
Let s(i) = i + 2. Let a be s(5). Suppose -2*f - 184 = -4*l + f, -l - 5*f + 69 = 0. Calculate the highest common divisor of l and a.
7
Suppose 8 = -5*h + 3. Let p(q) = -q + 2. Let a be p(h). What is the greatest common factor of a and 9?
3
Let n = -9 - -17. Let d = 54 + 2. Suppose 0 = -3*p - 2*p - 20, 3*g = -4*p + d. What is the greatest common divisor of g and n?
8
Let g = 498 + -434. Calculate the greatest common factor of 12 and g.
4
Suppose 0 = 5*o - 627 - 218. Let c be (-2)/8 + o/4. Let u = 40 - 26. What is the greatest common factor of u and c?
14
Let a(v) = 8*v**2 + 401*v + 29. Let g be a(-54). Calculate the highest common divisor of 13 and g.
13
Suppose 2*d = 2*b - 0*d - 54, 3*b - 46 = -4*d. Let h(u) = u - 2. Let m be h(16). Suppose 198 = -m*w + 15*w. What is the highest common factor of w and b?
22
Suppose y + 2*q = 6 - 1, 3*y + 2*q - 11 = 0. Let h be 3*(-6)/9 - -7. Suppose -h*a + 2*a + 99 = 0. What is the greatest common divisor of y and a?
3
Let f = -176 + 386. Calculate the highest common factor of 60 and f.
30
Suppose -3*r - 3*w + 0 = -9, 7 = 4*r + 5*w. Let p(d) = -3*d + 9. Let g be p(11). Let o = -16 - g. What is the highest common divisor of o and r?
8
Suppose -k = 5, -2*f = -5*f - 4*k + 58. Let t be 0/(0 + 3 + -4). Suppose t = 2*v - 13*v + 429. Calculate the highest common divisor of v and f.
13
Suppose 2*r - 19 = 3. Let m = -52 + 60. Let k be m/56 + 307/7. Calculate the greatest common divisor of k and r.
11
Suppose -313*i - 90 = -323*i. Let p = 19 - -53. What is the greatest common factor of p and i?
9
Let h(w) = 10*w**2 + 7*w + 9. Let y be h(-2). Let p = 10 + -7. Suppose -5*l = u + 4*u - 95, p*l = 2*u - 13. Calculate the highest common divisor of y and u.
7
Let i(y) = 2*y**3 - 3*y**2 - 6*y + 1. Let u be i(-5). Let k = u - -877. Calculate the highest common divisor of 53 and k.
53
Let m be (-1)/2 - (-190)/20. Suppose -4*h = -3*h - m. Suppose -5*l - 8 = -h*l. Calculate the greatest common divisor of l and 8.
2
Let o(x) = 2*x + 551. Let l be o(56). Calculate the highest common factor of 26 and l.
13
Let s(p) = 9*p - 44. Let x be s(6). Calculate the greatest common divisor of 160 and x.
10
Let l = -11 + 5. Let m be ((-9)/l)/(2/(-28)). Let n = m + 33. What is the greatest common factor of n and 12?
12
Let q(t) = -12 - 9*t + 0 - 1. Let y be q(-5). Calculate the greatest common divisor of 176 and y.
16
Let n be 2*6*3/18*3. Suppose n*f - 65 - 7 = 0. Calculate the greatest common factor of f and 12.
12
Let y be 1/2 - (-12)/8. What is the greatest common factor of y and 58?
2
Suppose -13 = m + 27. Let o be (m/50)/((-4)/10). Calculate the greatest common factor of o and 16.
2
Let y(g) = 11*g + 97. Let z be y(-8). Let r(k) = k**3 - 7*k**2 + 3*k + 6. Let a be r(6). Let m = a + 30. What is the highest common divisor of m and z?
9
Let m be -1 - (-4 - -7) - -844. Suppose 4*i - m = -3*i. Let q be 2 - -12 - -1*1. Calculate the highest common divisor of q and i.
15
Suppose -41*c = -47*c + 42. What is the highest common divisor of c and 28?
7
Suppose -5*x - 17*k + 1048 = -15*k, -5*x + k + 1051 = 0. Calculate the highest common divisor of x and 140.
70
Suppose y - 99 = 4*y. Let p be (11/y)/((-2)/108). What is the greatest common divisor of 198 and p?
18
Suppose 2*y + y - b - 5 = 0, -4*y - 2*b = 0. Let o = 25 - y. Suppose 3*w = -50 + 230. Calculate the greatest common factor of w and o.
12
Suppose -8*y + 7*y + 3 = 0. Suppose 0 = -2*g + h + 49, 0*h = -y*g + h + 74. Let b = g + 30. Calculate the greatest common divisor of 11 and b.
11
Suppose 39*w - 47*w + 80 = 0. Calculate the greatest common factor of 470 and w.
10
Let b = 289 + 346. Let n = -316 + b. Calculate the greatest common factor of n and 29.
29
Let a be (-255)/2*12/(-18). Let m = -29 - -63. What is the highest common divisor of m and a?
17
Let r(y) = 2*y**2 - 86*y + 267. Let t be r(40). Calculate the greatest common factor of t and 999.
27
Let r(j) be the first derivative of -5*j**2/2 + 3*j - 1. Let y be r(-5). Let f = -83 - -125. What is the highest common divisor of y and f?
14
Suppose 422*o = 417*o + 370. What is the highest common factor of 185 and o?
37
Let p be (-1 - 9)/(6 + -5). Let l be p/(-5) + 2 + -1. Suppose -4*w - c - 4*c + 18 = 0, w + 2*c = l. Calculate the highest common factor of w and 56.
7
Let i be (8/(-12))/(2/(-15)). Suppose -2*d - 174 = -i*q, 0 = -4*q - 3*d + 4*d + 138. Calculate the greatest common factor of q and 102.
34
Let a(c) = c**2 + 3*c - 7. Let r(n) = n - 1. Let f be r(-5). Let j be a(f). Let p = 20 - j. Calculate the highest common divisor of 45 and p.
9
Let q be 860/6 - 3/9. Suppose -a - 45 = -3*n - 7, -58 = -4*n + 5*a. Suppose w - 1 = n. What is the highest common divisor of q and w?
13
Let j = -4 + 8. Let m be j/5*(-90)/(-12). Let d = 23 + 43. What is the greatest common factor of m and d?
6
Let c = -1 - -13. Suppose c = 2*n + 2*n. Suppose 0 = -3*l + 3, -3*y - n*l + 0*l + 15 = 0. What is the highest common divisor of 8 and y?
4
Let j be (-11)/((-77)/14)*(-2 - -1090). Calculate the highest common factor of j and 17.
17
Suppose -11*r + 80 = 3. Let g be (-12)/r*(-4)/(20/35). What is the highest common divisor of 192 and g?
12
Let y(i) = 2*i**3 - 12*i + 2. Let v be y(3). Calculate the greatest common factor of v and 20.
20
Let x = -2211 + 2244. What is the greatest common factor of 561 and x?
33
Let q(k) = -k**2 + 7*k + 22. Let o be q(9). Suppose -o*n + 3*i = -259, 5*i + 251 = 4*